{"id":29,"date":"2012-11-18T12:16:54","date_gmt":"2012-11-18T11:16:54","guid":{"rendered":"http:\/\/www.studiotarabiono.com\/?page_id=29"},"modified":"2016-07-10T14:08:14","modified_gmt":"2016-07-10T12:08:14","slug":"i-servizi","status":"publish","type":"page","link":"https:\/\/www.studiotarabiono.com\/?page_id=29","title":{"rendered":"I Servizi"},"content":{"rendered":"<h4 style=\"text-align: left;\"><strong>Consulenza Fiscale e Contabile<\/strong><\/h4>\n<div>\n<p style=\"text-align: left;\" align=\"justify\">&#8211; assistenza fiscale ordinaria<br \/>\n&#8211; programmazione fiscale, per ottimizzare il carico fiscale nel medio \u2013 lungo termine<br \/>\n&#8211;\u00a0aggiornamento periodico sulle novit\u00e0 fiscali pi\u00f9 significative<br \/>\n&#8211; tenuta delle contabilit\u00e0 di professionisti, ditte individuali, societ\u00e0 di capitali e di persone<br \/>\n&#8211; servizi fiscali di redazione di dichiarazioni modello Unico, 730, pratiche in Agenzia delle Entrate<br \/>\n&#8211; dichiarazioni doganali, intrastat, black list, elenco clienti e fornitori ed altro<br \/>\n&#8211; servizi in Camera di Commercio (CCIAA) e altri adempimenti civilistici<\/p>\n<h4 style=\"text-align: left;\"><strong>Consulenza del Lavoro<\/strong><\/h4>\n<div>\n<p style=\"text-align: left;\">&#8211; Assistenza in  cud<br \/>\n&#8211;\u00a0Consulenza in materia di lavoro e previdenziale<br \/>\n&#8211;\u00a0Assistenza presso Istituti previdenziali ed assistenziali<br \/>\n&#8211;\u00a0Consulenza in materia di sicurezza sul lavoro<br \/>\n&#8211;\u00a0Predisposizione ed analisi di costo del personale<\/p>\n<h4 style=\"text-align: left;\"><strong>Consulenza Societaria<\/strong><\/h4>\n<p style=\"text-align: left;\" align=\"justify\">&#8211; costituzioni di societ\u00e0<br \/>\n&#8211; trasformazioni, fusioni, scissioni e scorpori<br \/>\n&#8211; modificazioni dell\u2019atto costitutivo (ad esempio modifiche capitale sociale, compagine societaria)<br \/>\n&#8211; scioglimenti, cessioni e permute<br \/>\n&#8211; partecipazioni alle riunioni degli organi sociali<br \/>\n&#8211; attivit\u00e0 di Revisore legale dei conti e di sindaco<br \/>\n&#8211; tenuta libri sociali obbligatori<\/p>\n<\/div>\n<\/div>\n","protected":false},"excerpt":{"rendered":"<p>Consulenza Fiscale e Contabile &#8211; assistenza fiscale ordinaria &#8211; programmazione fiscale, per ottimizzare il carico fiscale nel medio \u2013 lungo termine &#8211;\u00a0aggiornamento periodico sulle novit\u00e0 fiscali pi\u00f9 significative &#8211; tenuta delle contabilit\u00e0 di professionisti, ditte individuali, societ\u00e0 di capitali e di persone &#8211; servizi fiscali di redazione di dichiarazioni modello Unico, 730, pratiche in Agenzia [&hellip;]<\/p>\n","protected":false},"author":1,"featured_media":0,"parent":0,"menu_order":0,"comment_status":"closed","ping_status":"closed","template":"","meta":{"footnotes":""},"class_list":["post-29","page","type-page","status-publish","hentry"],"_links":{"self":[{"href":"https:\/\/www.studiotarabiono.com\/index.php?rest_route=\/wp\/v2\/pages\/29","targetHints":{"allow":["GET"]}}],"collection":[{"href":"https:\/\/www.studiotarabiono.com\/index.php?rest_route=\/wp\/v2\/pages"}],"about":[{"href":"https:\/\/www.studiotarabiono.com\/index.php?rest_route=\/wp\/v2\/types\/page"}],"author":[{"embeddable":true,"href":"https:\/\/www.studiotarabiono.com\/index.php?rest_route=\/wp\/v2\/users\/1"}],"replies":[{"embeddable":true,"href":"https:\/\/www.studiotarabiono.com\/index.php?rest_route=%2Fwp%2Fv2%2Fcomments&post=29"}],"version-history":[{"count":20,"href":"https:\/\/www.studiotarabiono.com\/index.php?rest_route=\/wp\/v2\/pages\/29\/revisions"}],"predecessor-version":[{"id":133,"href":"https:\/\/www.studiotarabiono.com\/index.php?rest_route=\/wp\/v2\/pages\/29\/revisions\/133"}],"wp:attachment":[{"href":"https:\/\/www.studiotarabiono.com\/index.php?rest_route=%2Fwp%2Fv2%2Fmedia&parent=29"}],"curies":[{"name":"wp","href":"https:\/\/api.w.org\/{rel}","templated":true}]}}